remainder when 18558 is divided by 420.
78
What is the remainder when 3359 is divided by 281?
268
Calculate the remainder when 2177 is divided by 244.
225
What is the remainder when 43008 is divided by 14335?
3
Calculate the remainder when 577467 is divided by 257.
245
What is the remainder when 134397 is divided by 22390?
57
What is the remainder when 28439 is divided by 72?
71
Calculate the remainder when 3238 is divided by 29.
19
Calculate the remainder when 89065 is divided by 3562.
15
What is the remainder when 10875 is divided by 802?
449
Calculate the remainder when 73629 is divided by 199.
198
Calculate the remainder when 148205 is divided by 1385.
10
What is the remainder when 21154 is divided by 558?
508
Calculate the remainder when 13926 is divided by 376.
14
Calculate the remainder when 60318 is divided by 160.
158
What is the remainder when 124688 is divided by 4795?
18
Calculate the remainder when 1495 is divided by 66.
43
What is the remainder when 216683 is divided by 8025?
8
What is the remainder when 6688 is divided by 625?
438
What is the remainder when 2009 is divided by 913?
183
Calculate the remainder when 217476 is divided by 73.
9
What is the remainder when 14913 is divided by 1316?
437
What is the remainder when 20157 is divided by 3?
0
What is the remainder when 17163 is divided by 592?
587
Calculate the remainder when 102167 is divided by 43.
42
What is the remainder when 10164 is divided by 16?
4
What is the remainder when 3275 is divided by 52?
51
Calculate the remainder when 1953 is divided by 470.
73
Calculate the remainder when 7476 is divided by 277.
274
Calculate the remainder when 2133 is divided by 700.
33
What is the remainder when 66166 is divided by 165?
1
What is the remainder when 1084 is divided by 553?
531
What is the remainder when 4483 is divided by 137?
99
Calculate the remainder when 1106666 is divided by 184442.
14
What is the remainder when 828954 is divided by 138?
126
Calculate the remainder when 3824 is divided by 1227.
143
What is the remainder when 36719 is divided by 136?
135
What is the remainder when 29839 is divided by 426?
19
Calculate the remainder when 333386 is divided by 83345.
6
What is the remainder when 34150 is divided by 168?
46
Calculate the remainder when 246930 is divided by 14.
12
What is the remainder when 20405 is divided by 20399?
6
Calculate the remainder when 49293 is divided by 285.
273
Calculate the remainder when 3298885 is divided by 4.
1
Calculate the remainder when 5374 is divided by 3.
1
What is the remainder when 448683 is divided by 23?
22
Calculate the remainder when 948 is divided by 917.
31
Calculate the remainder when 558050 is divided by 484.
482
What is the remainder when 759 is divided by 232?
63
What is the remainder when 2908 is divided by 936?
100
What is the remainder when 5513 is divided by 68?
5
Calculate the remainder when 203003 is divided by 25375.
3
Calculate the remainder when 15418 is divided by 205.
43
Calculate the remainder when 50996 is divided by 24.
20
Calculate the remainder when 756209 is divided by 195.
194
What is the remainder when 23479 is divided by 58?
47
What is the remainder when 3149 is divided by 349?
8
What is the remainder when 235959 is divided by 78649?
12
What is the remainder when 3901 is divided by 3894?
7
Calculate the remainder when 9466 is divided by 33.
28
Calculate the remainder when 1505 is divided by 262.
195
Calculate the remainder when 5216 is divided by 331.
251
What is the remainder when 119449 is divided by 23883?
34
Calculate the remainder when 19907 is divided by 343.
13
Calculate the remainder when 5460 is divided by 35.
0
What is the remainder when 1345348 is divided by 30?
28
What is the remainder when 28775 is divided by 14361?
53
Calculate the remainder when 470699 is divided by 34.
3
Calculate the remainder when 9314 is divided by 489.
23
What is the remainder when 208371 is divided by 302?
293
Calculate the remainder when 53541 is divided by 24.
21
What is the remainder when 599 is divided by 560?
39
Calculate the remainder when 124220 is divided by 460.
20
What is the remainder when 128286 is divided by 2212?
2202
What is the remainder when 7655 is divided by 284?
271
What is the remainder when 181828 is divided by 319?
317
Calculate the remainder when 127405 is divided by 30.
25
What is the remainder when 6385 is divided by 108?
13
Calculate the remainder when 3354 is divided by 196.
22
Calculate the remainder when 75994 is divided by 74.
70
Calculate the remainder when 1438 is divided by 127.
41
What is the remainder when 33013 is divided by 16357?
299
What is the remainder when 2080 is divided by 56?
8
What is the remainder when 19811 is divided by 196?
15
What is the remainder when 34127 is divided by 455?
2
What is the remainder when 960 is divided by 311?
27
What is the remainder when 5058 is divided by 7?
4
What is the remainder when 13714 is divided by 254?
252
Calculate the remainder when 3015 is divided by 370.
55
What is the remainder when 5688 is divided by 292?
140
Calculate the remainder when 11478 is divided by 221.
207
What is the remainder when 23580 is divided by 948?
828
What is the remainder when 15576 is divided by 534?
90
Calculate the remainder when 653145 is divided by 70.
45
Calculate the remainder when 156015 is divided by 49.
48
Calculate the remainder when 817 is divided by 269.
10
What is the remainder when 4326 is divided by 1436?
18
What is the remainder when 17453 is divided by 4358?
21
Calculate the remainder when 7212 is divided by 99.
84
Calculate the remainder when 5340 is divided by 33.
27
Calculate the remainder when 997990 is divided by 1503.
1501
What is the remainder when 3262 is divided by 2419?
843
Calculate the remainder when 860 is divided by 316.
228
Calculate the remainder when 14323 is divided by 1579.
112
What is the remainder when 8442 is divided by 264?
258
Calculate the remainder when 90331 is divided by 22581.
7
Calculate the remainder when 6555449 is divided by 137.
136
What is the remainder when 1976 is divided by 974?
28
Calculate the remainder when 1675 is divided by 161.
65
What is the remainder when 112459 is divided by 277?
274
Calculate the remainder when 9259 is divided by 1688.
819
What is the remainder when 635908 is divided by 55?
53
Calculate the remainder when 62079 is divided by 431.
15
What is the remainder when 5322 is divided by 380?
2
Calculate the remainder when 5152459 is divided by 119.
116
What is the remainder when 69534 is divided by 29?
21
Calculate the remainder when 1239608 is divided by 35.
13
Calculate the remainder when 9896 is divided by 1967.
61
What is the remainder when 1424 is divided by 31?
29
What is the remainder when 82736 is divided by 210?
206
What is the remainder when 13509 is divided by 29?
24
What is the remainder when 4061 is divided by 448?
29
Calculate the remainder when 1832 is divided by 274.
188
What is the remainder when 11558 is divided by 11400?
158
What is the remainder when 15933 is divided by 318?
33
What is the remainder when 352884 is divided by 338?
12
What is the remainder when 27617 is divided by 33?
29
Calculate the remainder when 217402 is divided by 1479.
1468
Calculate the remainder when 19066 is divided by 1123.
1098
Calculate the remainder when 20754 is divided by 40.
34
Calculate the remainder when 26292 is divided by 13142.
8
What is the remainder when 99394 is divided by 49696?
2
What is the remainder when 25543 is divided by 555?
13
What is the remainder when 104388 is divided by 152?
116
Calculate the remainder when 33230 is divided by 156.
2
What is the remainder when 1861 is divided by 170?
161
Calculate the remainder when 4525 is divided by 45.
25
What is the remainder when 102709 is divided by 30?
19
Calculate the remainder when 1002 is divided by 63.
57
Calculate the remainder when 6639 is divided by 56.
31
What is the remainder when 29827 is divided by 339?
334
What is the remainder when 96 is divided by 76?
20
Calculate the remainder when 8975 is divided by 345.
5
What is the remainder when 2528 is divided by 652?
572
What is the remainder when 1867 is divided by 1829?
38
Calculate the remainder when 30568 is divided by 1132.
4
What is the remainder when 194